e the prime factors of 16564051?
7, 797, 2969
List the prime factors of 2224047556.
2, 61, 157, 58057
List the prime factors of 565196284.
2, 1297, 108943
List the prime factors of 108841429.
17, 41, 156157
List the prime factors of 133284128.
2, 31, 134359
List the prime factors of 169504682.
2, 84752341
What are the prime factors of 1508787166?
2, 23, 1949, 16829
What are the prime factors of 123466706?
2, 11, 37, 13789
List the prime factors of 3068941343.
13, 89, 163, 16273
List the prime factors of 46989800.
2, 5, 11, 13, 31, 53
What are the prime factors of 28930526?
2, 263, 55001
What are the prime factors of 6985933?
37, 349, 541
What are the prime factors of 3750182741?
19, 8819, 22381
List the prime factors of 5619831036.
2, 3, 468319253
What are the prime factors of 687646253?
7, 14033597
What are the prime factors of 191816689?
1667, 115067
List the prime factors of 1085727833.
467, 2324899
What are the prime factors of 829221103?
3301, 251203
What are the prime factors of 576874335?
3, 5, 859, 44771
List the prime factors of 1526410824.
2, 3, 17, 23, 29, 71, 79
What are the prime factors of 130355586?
2, 3, 7241977
What are the prime factors of 2689336988?
2, 13, 19, 2722001
What are the prime factors of 3224691733?
17, 43, 4411343
List the prime factors of 735968708.
2, 183992177
List the prime factors of 706606864.
2, 44162929
What are the prime factors of 24132630?
2, 3, 5, 97, 8293
List the prime factors of 411776529.
3, 83, 1653721
What are the prime factors of 240081226?
2, 7, 11, 19, 82051
List the prime factors of 665522791.
14879, 44729
List the prime factors of 2235294504.
2, 3, 17, 53, 34457
What are the prime factors of 384003823?
7, 54857689
What are the prime factors of 3634644479?
101, 5003, 7193
List the prime factors of 22439731.
787, 28513
What are the prime factors of 120676271?
439, 274889
List the prime factors of 2610163688.
2, 11, 97, 305783
What are the prime factors of 43129834?
2, 11, 1960447
What are the prime factors of 2854987200?
2, 3, 5, 13, 101, 151
What are the prime factors of 17611301?
199, 88499
What are the prime factors of 2392178330?
2, 5, 601, 398033
List the prime factors of 3312045995.
5, 17, 38965247
List the prime factors of 411759890.
2, 5, 17, 67, 36151
List the prime factors of 11392217.
11392217
List the prime factors of 4944028828.
2, 1409, 877223
What are the prime factors of 382780843?
382780843
List the prime factors of 3246404966.
2, 7, 17, 23, 593059
List the prime factors of 100677088.
2, 31, 101489
What are the prime factors of 744048898?
2, 372024449
What are the prime factors of 3426296971?
577, 5938123
What are the prime factors of 37736904?
2, 3, 193, 8147
List the prime factors of 1473999613.
19, 77578927
What are the prime factors of 52748954?
2, 167, 157931
What are the prime factors of 305404942?
2, 599, 254929
List the prime factors of 85943005.
5, 31, 139, 3989
What are the prime factors of 4451384411?
4451384411
List the prime factors of 377123486.
2, 188561743
What are the prime factors of 760630684?
2, 11, 1571551
List the prime factors of 678100701.
3, 89, 163, 15581
List the prime factors of 19508282.
2, 17, 439, 1307
What are the prime factors of 2948602?
2, 53, 27817
List the prime factors of 3335853316.
2, 41, 20340569
What are the prime factors of 84900567?
3, 17, 23, 72379
List the prime factors of 670505879.
163, 4113533
What are the prime factors of 2938756233?
3, 7, 19991539
What are the prime factors of 5471063?
13, 420851
List the prime factors of 39338089.
7, 89, 233, 271
List the prime factors of 17944822.
2, 7, 1281773
List the prime factors of 428788234.
2, 7, 30627731
List the prime factors of 57807978.
2, 3, 9634663
What are the prime factors of 43691320?
2, 5, 1092283
List the prime factors of 486841237.
19, 191, 134153
List the prime factors of 16218168.
2, 3, 379, 1783
List the prime factors of 3173563803.
3, 59, 17929739
List the prime factors of 255717675.
3, 5, 19, 127, 157
What are the prime factors of 651804655?
5, 130360931
What are the prime factors of 4561275435?
3, 5, 304085029
List the prime factors of 3133231638.
2, 3, 19861, 26293
What are the prime factors of 61601983?
421, 146323
What are the prime factors of 27610986?
2, 3, 13, 53, 6679
List the prime factors of 101826965.
5, 20365393
List the prime factors of 70174038.
2, 3, 11, 1063243
List the prime factors of 187640390.
2, 5, 7, 17, 19, 43, 193
List the prime factors of 6296809945.
5, 17, 79, 331, 2833
What are the prime factors of 3754168?
2, 11, 37, 1153
What are the prime factors of 8917656762?
2, 3, 7, 547, 388163
What are the prime factors of 409878619?
17, 24110507
List the prime factors of 121590043.
241, 504523
List the prime factors of 154432797.
3, 51477599
What are the prime factors of 1415724764?
2, 53, 163, 773
What are the prime factors of 3286793349?
3, 7, 17390441
What are the prime factors of 473790357?
3, 17, 60719
What are the prime factors of 2131896384?
2, 3, 439, 8431
What are the prime factors of 74900589?
3, 17, 1468639
List the prime factors of 7289065.
5, 7, 19, 97, 113
What are the prime factors of 4854831?
3, 1618277
What are the prime factors of 3285652176?
2, 3, 22817029
List the prime factors of 64518454.
2, 7, 11, 13, 37, 67
List the prime factors of 40516811.
1427, 28393
What are the prime factors of 1418264560?
2, 5, 563, 31489
What are the prime factors of 204235331?
17, 23, 89, 5869
List the prime factors of 73010779.
101, 797, 907
List the prime factors of 699495799.
59, 937, 12653
What are the prime factors of 14196197?
37, 383681
What are the prime factors of 1257116117?
1257116117
What are the prime factors of 580140788?
2, 145035197
What are the prime factors of 1561012690?
2, 5, 1249, 124981
What are the prime factors of 192790416?
2, 3, 7, 13, 19, 23, 101
What are the prime factors of 5021803286?
2, 541, 4641223
What are the prime factors of 48513361?
13, 61, 131, 467
What are the prime factors of 601191135?
3, 5, 23, 73, 109
List the prime factors of 142371413.
17, 47, 178187
List the prime factors of 129614852.
2, 32403713
List the prime factors of 6759917.
6759917
List the prime factors of 28503315.
3, 5, 633407
List the prime factors of 5116631060.
2, 5, 23, 43, 258677
List the prime factors of 6742648.
2, 11, 193, 397
What are the prime factors of 280044270?
2, 3, 5, 11, 94291
List the prime factors of 321846446.
2, 160923223
What are the prime factors of 87690053?
11, 23, 346601
What are the prime factors of 58733383?
197, 443, 673
What are the prime factors of 100105984?
2, 11, 19, 1871
What are the prime factors of 975310988?
2, 243827747
List the prime factors of 5375755165.
5, 11, 191, 397, 1289
List the prime factors of 49114955.
5, 17, 139, 4157
List the prime factors of 1068031412.
2, 7, 4219, 9041
List the prime factors of 73601868.
2, 3, 61, 100549
List the prime factors of 700995111.
3, 233665037
What are the prime factors of 508158626?
2, 254079313
What are the prime factors of 22231774?
2, 31, 43, 269
List the prime factors of 127543684.
2, 31885921
List the prime factors of 3140272516.
2, 785068129
List the prime factors of 2939547364.
2, 13, 97, 582781
List the prime factors of 582786833.
41, 14214313
What are the prime factors of 82680406?
2, 41340203
What are the prime factors of 65514984?
2, 3, 983, 2777
What are the prime factors of 31268672?
2, 488573
List the prime factors of 164584250.
2, 5, 41, 16057
List the prime factors of 6783245330.
2, 5, 23, 1282277
List the prime factors of 16992912.
2, 3, 43, 8233
What are the prime factors of 200950559?
443, 479, 947
List the prime factors of 104746765.
5, 20949353
What are the prime factors of 49737295?
5, 59, 168601
What are the prime factors of 72980829?
3, 71, 181, 631
What are the prime factors of 105097528?
2, 2179, 6029
List the prime factors of 142196836.
2, 19, 1013, 1847
What are the prime factors of 157780829?
3511, 44939
List the prime factors of 753937690.
2, 5, 11, 89, 7001
What are the prime factors of 49740147?
3, 17, 47, 6917
List the prime factors of 524507333.
7, 127, 589997
List the prime factors of 1407933075.
3, 5, 53, 271, 1307
List the prime factors of 201415291.
7, 11, 2615783
What are the prime factors of 48537439?
263, 184553
List